975.
525
Calculate the greatest common divisor of 1092975 and 27018.
57
Calculate the greatest common divisor of 110259285 and 105.
15
Calculate the greatest common factor of 672 and 22775424.
672
What is the greatest common divisor of 1206 and 93466474?
134
Calculate the greatest common factor of 662496 and 2917448.
536
Calculate the greatest common factor of 15834 and 233674.
14
Calculate the highest common factor of 1832064 and 248664.
312
Calculate the highest common factor of 117 and 3701191.
13
Calculate the highest common factor of 7802 and 78103.
83
What is the greatest common divisor of 785 and 110035020?
785
What is the greatest common divisor of 1984257 and 17816?
2227
Calculate the highest common divisor of 144 and 101313.
9
Calculate the greatest common divisor of 185638570 and 754.
754
What is the greatest common factor of 1864 and 23217518?
466
What is the greatest common factor of 121636126 and 62?
62
Calculate the highest common factor of 12673 and 3748627.
29
What is the greatest common divisor of 2086128 and 40827?
1317
Calculate the highest common factor of 360624 and 27276.
12
Calculate the greatest common divisor of 46279556 and 3396.
1132
Calculate the greatest common divisor of 24 and 618950856.
24
What is the greatest common factor of 904 and 36086?
2
Calculate the highest common divisor of 63888 and 547728.
48
Calculate the greatest common factor of 3030 and 910010.
1010
What is the greatest common factor of 7150 and 330550?
550
What is the highest common factor of 388 and 6990305?
97
Calculate the highest common divisor of 27869011 and 109.
109
Calculate the highest common factor of 241636 and 85692.
772
What is the greatest common factor of 124 and 79466268?
124
What is the greatest common factor of 286591940 and 60?
20
Calculate the greatest common divisor of 70576 and 6908.
44
What is the greatest common factor of 244323549 and 5934?
2967
Calculate the highest common factor of 2667164 and 8.
4
What is the highest common factor of 144 and 25051068?
36
Calculate the highest common divisor of 2688 and 4276419.
21
What is the highest common factor of 1450375 and 15565?
1415
What is the greatest common factor of 45072126 and 26730?
5346
Calculate the highest common divisor of 99408211 and 34076.
8519
What is the greatest common factor of 49 and 81193?
49
What is the greatest common divisor of 1735171 and 14606?
109
What is the greatest common factor of 305943966 and 405?
81
What is the greatest common divisor of 2265909 and 2226?
159
What is the highest common divisor of 2081709 and 136497?
519
Calculate the greatest common divisor of 22017263 and 491472.
3413
Calculate the greatest common factor of 707755148 and 146.
146
What is the greatest common factor of 167776884 and 3186?
1062
What is the highest common divisor of 5747511 and 556?
139
Calculate the greatest common factor of 972279 and 713.
23
Calculate the greatest common factor of 51107 and 45276.
343
Calculate the highest common divisor of 3383 and 1051118.
199
Calculate the highest common divisor of 323445486 and 546.
546
Calculate the greatest common divisor of 12152 and 23152598.
3038
What is the greatest common factor of 33439 and 39746?
119
What is the highest common divisor of 1586 and 16216972?
122
Calculate the highest common factor of 208 and 1713881.
13
What is the greatest common divisor of 554 and 587488?
2
Calculate the greatest common factor of 8341804 and 38068.
1228
Calculate the greatest common divisor of 1520593 and 4500781.
4357
What is the highest common factor of 4034 and 167326286?
4034
Calculate the greatest common divisor of 107412 and 3372.
12
What is the highest common factor of 1994126963 and 2747?
2747
Calculate the greatest common factor of 749142 and 1323.
27
Calculate the highest common divisor of 81220960 and 320.
160
Calculate the highest common divisor of 15 and 166323755.
5
What is the highest common divisor of 749721181 and 11?
11
Calculate the greatest common divisor of 949784 and 371982.
502
Calculate the highest common divisor of 20 and 10702210.
10
Calculate the greatest common factor of 5542 and 2006.
34
Calculate the greatest common factor of 1666224 and 3996.
108
What is the highest common divisor of 89907475 and 235?
235
What is the highest common factor of 7144 and 2129368?
152
Calculate the greatest common divisor of 2454 and 175254.
6
What is the highest common factor of 1313584 and 12464?
304
Calculate the greatest common factor of 110016 and 3424.
32
Calculate the greatest common factor of 7051240 and 210.
70
What is the greatest common divisor of 620136 and 1243?
11
Calculate the highest common factor of 160008 and 81066.
354
Calculate the greatest common divisor of 540617 and 26180.
1309
Calculate the highest common factor of 117249 and 144111.
363
What is the greatest common factor of 3386574 and 252?
18
What is the greatest common factor of 6764 and 11468932?
76
Calculate the greatest common divisor of 853243396 and 7208.
3604
What is the greatest common factor of 6235533 and 4779?
531
What is the highest common divisor of 2914346 and 5059478?
10834
What is the highest common divisor of 1657705 and 140?
35
Calculate the highest common divisor of 38639379 and 138.
69
Calculate the greatest common divisor of 46522499 and 106.
53
What is the greatest common divisor of 966964 and 4532?
412
What is the greatest common divisor of 35562146 and 496?
62
What is the highest common factor of 81601 and 1703?
13
Calculate the greatest common divisor of 70875 and 5592375.
3375
Calculate the greatest common divisor of 34354406 and 23302.
382
Calculate the greatest common divisor of 184 and 603641992.
184
Calculate the highest common factor of 157156 and 2894549.
389
Calculate the highest common factor of 3205 and 85105570.
3205
Calculate the greatest common factor of 73840 and 22751027.
923
What is the greatest common factor of 30688 and 247072?
224
Calculate the highest common factor of 51391304 and 93.
31
Calculate the highest common factor of 2784 and 179520.
96
What is the highest common divisor of 917 and 11572561?
7
Calculate the highest common divisor of 876152783 and 421.
421
What is the greatest common divisor of 182299 and 6498713?
4927
What is the highest common factor of 483805 and 1610?
805
What is the highest common factor of 214255539 and 72?
9
What is the greatest common divisor of 69 and 2647353981?
69
What is the highest common divisor of 13 and 92784913?
13
What is the greatest common factor of 230 and 15889390?
10
Calculate the highest common factor of 169984 and 14912.
64
Calculate the highest common divisor of 82893363 and 9534.
4767
Calculate the greatest common divisor of 5845 and 12287359.
1169
Calculate the greatest common factor of 16896 and 1799043840.
8448
What is the highest common divisor of 2448 and 20610528?
816
What is the greatest common factor of 2329200 and 2730?
30
What is the greatest common factor of 702 and 57182658?
78
What is the highest common factor of 154 and 122632686?
22
Calculate the greatest common divisor of 81 and 3530271357.
81
Calculate the greatest common factor of 76 and 50413156.
76
Calculate the highest common divisor of 39731080 and 108270.
4010
Calculate the highest common divisor of 4149540 and 25.
5
What is the greatest common divisor of 192920 and 109445?
1855
Calculate the greatest common divisor of 615 and 103197.
123
What is the greatest common divisor of 24504541 and 12731?
439
Calculate the highest common divisor of 37624188 and 672.
84
What is the greatest common factor of 16086436 and 27486?
1018
Calculate the highest common factor of 245295 and 10249605.
3105
Calculate the greatest common factor of 3230 and 1254090.
170
Calculate the highest common divisor of 1067 and 4162561.
97
Calculate the greatest common factor of 2236 and 51675637.
559
Calculate the highest common factor of 18986415 and 3591.
399
Calculate the highest common factor of 13468 and 1249808.
28
Calculate the highest common divisor of 55483552 and 18848.
992
What is the highest common divisor of 111872 and 7429?
437
What is the highest common factor of 30240 and 143304?
168
What is the greatest common divisor of 37319313 and 387?
129
Calculate the greatest common divisor of 1209604